
False
Is 2010031619 prime?
True
Is 105327309671 prime?
False
Is 233888143 prime?
True
Is 7385731303 a composite number?
True
Is 63367034 a composite number?
True
Is 4828533261 a composite number?
True
Is 3548782639 a prime number?
False
Is 1332309646 a prime number?
False
Is 793186531 a composite number?
False
Is 6869045201 composite?
True
Is 693788957 a prime number?
False
Is 681881003 a prime number?
False
Is 144065029 prime?
False
Is 1402242917 prime?
True
Is 228067553 prime?
False
Is 5043284557 composite?
False
Is 543128093 a composite number?
False
Is 38314558619 a prime number?
True
Is 3544678259 composite?
False
Is 11731338965 composite?
True
Is 15231100711 composite?
True
Is 1758195749 composite?
False
Is 3917947729 composite?
False
Is 419900353 composite?
True
Is 3302816711 composite?
False
Is 455921273 prime?
True
Is 523268387 prime?
True
Is 43961483 composite?
False
Is 51946318103 a prime number?
True
Is 217076777 composite?
True
Is 137094887 a prime number?
True
Is 4539090509 prime?
True
Is 633169423 prime?
True
Is 1069760647 a composite number?
False
Is 149205709 composite?
True
Is 1662871109 prime?
True
Is 834575669 a prime number?
False
Is 70739334317 a prime number?
False
Is 161283973 a composite number?
True
Is 568359182 a composite number?
True
Is 859856407 a composite number?
True
Is 109452949 a composite number?
True
Is 3917988229 a prime number?
True
Is 3464006611 prime?
False
Is 2189657053 prime?
True
Is 179270388121 a prime number?
False
Is 1214153939 composite?
True
Is 55494911 a prime number?
True
Is 1438654961 a prime number?
True
Is 2220903411 a prime number?
False
Is 77140321 composite?
True
Is 4303861723 composite?
True
Is 10114770917 composite?
False
Is 51176845367 prime?
False
Is 11400861691 a prime number?
False
Is 276657097 a composite number?
False
Is 198763471 prime?
False
Is 264614411 composite?
True
Is 889338911 prime?
False
Is 7700155141 a composite number?
True
Is 31301878637 composite?
False
Is 2127563951 a prime number?
True
Is 4112753 a prime number?
True
Is 1116677467 a prime number?
True
Is 10693657649 prime?
True
Is 16411192117 a prime number?
True
Is 388254977 composite?
True
Is 3174740441 prime?
True
Is 4541759633 a prime number?
True
Is 2589330881 prime?
True
Is 74283247 composite?
True
Is 502713503 prime?
False
Is 178459952023 a composite number?
False
Is 4156125671 prime?
False
Is 13950803 a composite number?
False
Is 3637676599 prime?
True
Is 1380713473 prime?
False
Is 166111411 prime?
False
Is 18251039509 prime?
False
Is 89644588447 a prime number?
True
Is 4208912389 a composite number?
True
Is 159469283 a composite number?
False
Is 370150613 a composite number?
True
Is 499197389 prime?
True
Is 533620697 a composite number?
True
Is 9203046077 composite?
True
Is 453786779 composite?
True
Is 352545811 prime?
True
Is 194308109 a prime number?
False
Is 42602539877 a prime number?
False
Is 62499294181 a prime number?
False
Is 28535144671 a prime number?
False
Is 225489827 composite?
False
Is 47088113273 a composite number?
True
Is 187704149 a composite number?
True
Is 129721901 a composite number?
True
Is 16775430359 composite?
False
Is 24097873277 composite?
False
Is 5154549077 prime?
True
Is 34126781159 a prime number?
False
Is 4459009481 prime?
False
Is 1911020581 a prime number?
True
Is 12779249831 a composite number?
False
Is 257189203 a composite number?
False
Is 37671360473 a prime number?
False
Is 2005927307 composite?
True
Is 1099829411 a prime number?
True
Is 518651047 prime?
True
Is 31873604023 prime?
False
Is 4500138647 a prime number?
True
Is 254480453 prime?
True
Is 951025399 a prime number?
True
Is 855801110761 prime?
True
Is 5438972759 a prime number?
False
Is 576652742 prime?
False
Is 692064467 composite?
True
Is 1115044097 prime?
False
Is 3171924167 composite?
False
Is 198934139 a composite number?
False
Is 842324933 composite?
False
Is 76397339807 a prime number?
False
Is 9617254499 a composite number?
False
Is 1056241993 a composite number?
False
Is 2270323453 prime?
True
Is 450034031 prime?
False
Is 17311624597 prime?
True
Is 1179593563 a composite number?
False
Is 28970740243 a composite number?
False
Is 920547847 composite?
False
Is 100783567 composite?
False
Is 48859013631 prime?
False
Is 5837497697 a prime number?
True
Is 538294937 prime?
False
Is 15749224357 a composite number?
False
Is 2851420457 a composite number?
True
Is 43221933047 a prime number?
False
Is 10763230769 a prime number?
False
Is 5948911699 a composite number?
False
Is 6084536509 a composite number?
False
Is 2266948961 composite?
False
Is 3622563479 composite?
True
Is 977144957 prime?
True
Is 4745668163 a composite number?
True
Is 2188744661 composite?
False
Is 5642359859 a composite number?
False
Is 154373598671 a prime number?
False
Is 187581197 prime?
True
Is 1891290109 a composite number?
False
Is 8743414573 prime?
False
Is 5051833417 a composite number?
False
Is 680294819 a composite number?
False
Is 40486095721 prime?
True
Is 7623523 a composite number?
False
Is 84456315035 a prime number?
False
Is 195084751118 prime?
False
Is 86769655567 composite?
True
Is 4920583891 composite?
True
Is 22937156927 prime?
False
Is 1621174877 a composite number?
True
Is 9465008491 a prime number?
False
Is 3662620693 a prime number?
True
Is 2746853677 composite?
True
Is 7725427807 composite?
False
Is 807274847 a prime number?
True
Is 308935811 a composite number?
True
Is 8019426299 a composite number?
True
Is 2457623999 prime?
True
Is 1070404787 a composite number?
False
Is 68529540187 a prime number?
True
Is 3528091681 a prime number?
True
Is 53611721 a composite number?
False
Is 439178189 composite?
False
Is 50123527 a prime number?
False
Is 595500271 composite?
False
Is 7670952343 composite?
False
Is 79176182411 composite?
False
Is 5143367 a composite number?
True
Is 23611599287 a prime number?
True
Is 8516095169 composite?
False
Is 56987440963 a composite number?
False
Is 79314849067 a composite number?
False
Is 2752054559 composite?
False
Is 6452097029 composite?
True
Is 3841697667 a composite number?
True
Is 995483443 composite?
False
Is 245615497261 prime?
False
Is 73584045706 prime?
False
Is 2604181 a prime number?
False
Is 189808243 a composite number?
True
Is 2469520037 prime?
True
Is 1829054363 composite?
True
Is 3165370823 prime?
True
Is 1492655837 composite?
False
Is 9574036529 a composite number?
True
Is 877742302 prime?
False
Is 3955284629 a prime number?
True
Is 15671114779 composite?
False
Is 6209012461 composite?
False
Is 16532597213 prime?
False
Is 7183393229 composite?
True
Is 664238437 a composite number?
True
Is 18518569037 prime?
False
Is 4085464991 composite?
True
Is 2293359443 a composite number?
True
Is 136261087 composite?
False
Is 88345090007 prime?
False
Is 1248494315 prime?
False
Is 88156242841 a composite number?
True
Is 6196710731 composite?
False
Is 1104702359 prime?
True
Is 666167 a prime number?
True
Is 173761349 a prime number?
True
Is 51207943103 prime?
True
Is 2818181381 composite?
True
Is 599273819 prime?
False
Is 36259362343 composite?
False
Is 5499374579 prime?
False
Is 8712196543 a prime number?
True
Is 101349421 a prime number?
True
Is 4524053513 prime?
False
Is 104530571573 a composite number?
True
Is 71257011539 composite?
True
Is 141017501 a composite number?
False
Is 3235651267 composite?
True
Is 110054365987 a prime number?
False
Is 56640602639 prime?
False
Is 32714500193 prime?
True
Is 1917744469 composite?
True
Is 12909674599 a composite number?
False
Is 452014223 a prime number?
True
Is 32032669699 a prime number?
True
Is 1294449703 composite?
False
Is 43517389 prime?
True
Is 2359480499 a prime number?
True
Is 2912307283 a prime number?
True
Is 547051937 composite?
True
Is 19119972583 prime?
False
Is 35158158617 composite?
False
Is 9549951529 a composite number?
False
Is 960545149 a prime number?
True
Is 3104621503 a prime number?
False
Is 6732642607 a composite number?
False
Is 64574287565 a composite number?
True
Is 8396228297 prime?
False
Is 1784167129 composite?
True
Is 9892331 a composite number?
True
Is 4463162497 prime?
True
Is 5533920361 a composite number?
False
Is 89178578491 composite?
False
Is 853857301 a composite number?
True
Is 4195770287 a prime